{"id":184,"date":"2021-09-13T09:25:34","date_gmt":"2021-09-13T07:25:34","guid":{"rendered":"http:\/\/prz187.openworld24.pl\/?page_id=184"},"modified":"2022-10-18T20:45:07","modified_gmt":"2022-10-18T18:45:07","slug":"wspolpraca-z-zagranica","status":"publish","type":"page","link":"https:\/\/ple187.poznan.pl\/index.php\/o-przedszkolu\/wspolpraca-z-zagranica\/","title":{"rendered":"Wsp\u00f3\u0142praca"},"content":{"rendered":"\n<p>W ci\u0105gu ostatnich lat skutecznie uda\u0142o nawi\u0105za\u0107 si\u0119 nam wsp\u00f3\u0142prac\u0119 z przedszkolami dzia\u0142aj\u0105cymi w r\u00f3\u017cnych krajach na ca\u0142ym \u015bwiecie.<\/p>\n\n\n\n<p><strong>FRANCJA<\/strong><\/p>\n\n\n\n<p>Nasze Przedszkole nawi\u0105za\u0142o kontakt mi\u0119dzy innymi z Przedszkolem TORIGNE, mieszcz\u0105cym si\u0119 w mie\u015bcie Rennes znajduj\u0105cym si\u0119 w zachodniej cz\u0119\u015bci Francji Wys\u0142ali\u015bmy im niedawno nasze zdj\u0119cia z powitania wiosny, a w zamian otrzymali\u015bmy zdj\u0119cia z francuskiego przedszkola oraz liczne informacje na temat tej plac\u00f3wki edukacyjnej.<\/p>\n\n\n\n<p>Dzi\u0119ki naszej Pani wicedyrektor, kt\u00f3ra biegle pos\u0142uguje si\u0119 nie tylko j\u0119zykiem francuskim mo\u017cemy mie\u0107 nadziej\u0119 na d\u0142u\u017csz\u0105 i owocn\u0105 wsp\u00f3\u0142prac\u0119 oraz na udzia\u0142 w unijnym projekcie edukacyjnym.<\/p>\n\n\n\n<p>Nasze zdj\u0119cia i informacja o Polsce zosta\u0142y umieszczone na miejskim blogu przedszkoli w Rennes, kt\u00f3re dodatkowo jest miastem partnerskim Poznania.<\/p>\n\n\n\n<p><strong>AUSTRALIA<\/strong><\/p>\n\n\n\n<p>Dzi\u0119ki zaanga\u017cowaniu Pani Natalii Rakowskiej nasze Przedszkole nawi\u0105za\u0142o wsp\u00f3\u0142prac\u0119 z Przedszkolem RENATA`S FAMILY DAY CARE w Australii. Wymieniamy si\u0119 mi\u0119dzy sob\u0105 wzajemnymi do\u015bwiadczeniami edukacyjnymi, pomys\u0142ami np. joga dla dzieci, gry, zabawy sensoryczne, \u201ePoszukiwanie zaj\u0105czka\u201d, Dzie\u0144 \u015bw. Patryka, filmy przyrodnicze &#8211; Wizyta u kangurzej rodziny w Australii, zima w Polsce, zwyczaje \u015bwi\u0105teczne w obu krajach, wysy\u0142anie zdj\u0119\u0107 z zaj\u0119\u0107 o Australii, udzia\u0142 w konkursie \u201eM\u00f3j Dom\u201d, stworzenie wystawy prac w naszym przedszkolu.<\/p>\n\n\n\n<p>Ostatnio dzieci z Australii wzi\u0119\u0142y udzia\u0142 w naszym konkursie zwi\u0105zanym z obchodami Dnia Pluszowego Misia 2021.<\/p>\n\n\n\n<p><\/p>\n\n\n\n<figure class=\"wp-block-gallery columns-3 wp-block-gallery-1 is-layout-flex wp-block-gallery-is-layout-flex\"><ul class=\"blocks-gallery-grid\"><li class=\"blocks-gallery-item\"><figure><img decoding=\"async\" loading=\"lazy\" width=\"960\" height=\"960\" src=\"https:\/\/ple187.poznan.pl\/wp-content\/uploads\/2021\/12\/Family-Renata.jpg\" alt=\"\" data-id=\"936\" data-full-url=\"https:\/\/ple187.poznan.pl\/wp-content\/uploads\/2021\/12\/Family-Renata.jpg\" data-link=\"https:\/\/ple187.poznan.pl\/index.php\/o-przedszkolu\/wspolpraca-z-zagranica\/family-renata\/\" class=\"wp-image-936\" srcset=\"https:\/\/ple187.poznan.pl\/wp-content\/uploads\/2021\/12\/Family-Renata.jpg 960w, https:\/\/ple187.poznan.pl\/wp-content\/uploads\/2021\/12\/Family-Renata-300x300.jpg 300w, https:\/\/ple187.poznan.pl\/wp-content\/uploads\/2021\/12\/Family-Renata-150x150.jpg 150w, https:\/\/ple187.poznan.pl\/wp-content\/uploads\/2021\/12\/Family-Renata-768x768.jpg 768w\" sizes=\"(max-width: 960px) 100vw, 960px\" \/><\/figure><\/li><li class=\"blocks-gallery-item\"><figure><img decoding=\"async\" loading=\"lazy\" width=\"724\" height=\"1024\" src=\"https:\/\/ple187.poznan.pl\/wp-content\/uploads\/2021\/12\/DYPLOM-Australia-1-724x1024.jpg\" alt=\"\" data-id=\"933\" data-full-url=\"https:\/\/ple187.poznan.pl\/wp-content\/uploads\/2021\/12\/DYPLOM-Australia-1.jpg\" data-link=\"https:\/\/ple187.poznan.pl\/index.php\/o-przedszkolu\/wspolpraca-z-zagranica\/dyplom-australia-2\/\" class=\"wp-image-933\" srcset=\"https:\/\/ple187.poznan.pl\/wp-content\/uploads\/2021\/12\/DYPLOM-Australia-1-724x1024.jpg 724w, https:\/\/ple187.poznan.pl\/wp-content\/uploads\/2021\/12\/DYPLOM-Australia-1-212x300.jpg 212w, https:\/\/ple187.poznan.pl\/wp-content\/uploads\/2021\/12\/DYPLOM-Australia-1-768x1086.jpg 768w, https:\/\/ple187.poznan.pl\/wp-content\/uploads\/2021\/12\/DYPLOM-Australia-1-1086x1536.jpg 1086w, https:\/\/ple187.poznan.pl\/wp-content\/uploads\/2021\/12\/DYPLOM-Australia-1-1448x2048.jpg 1448w, https:\/\/ple187.poznan.pl\/wp-content\/uploads\/2021\/12\/DYPLOM-Australia-1.jpg 1654w\" sizes=\"(max-width: 724px) 100vw, 724px\" \/><\/figure><\/li><li class=\"blocks-gallery-item\"><figure><img decoding=\"async\" loading=\"lazy\" width=\"1024\" height=\"768\" src=\"https:\/\/ple187.poznan.pl\/wp-content\/uploads\/2021\/12\/Wspolpraca-z-Australia-1024x768.jpg\" alt=\"\" data-id=\"925\" data-full-url=\"https:\/\/ple187.poznan.pl\/wp-content\/uploads\/2021\/12\/Wspolpraca-z-Australia.jpg\" data-link=\"https:\/\/ple187.poznan.pl\/index.php\/o-przedszkolu\/wspolpraca-z-zagranica\/wspolpraca-z-australia\/\" class=\"wp-image-925\" srcset=\"https:\/\/ple187.poznan.pl\/wp-content\/uploads\/2021\/12\/Wspolpraca-z-Australia-1024x768.jpg 1024w, https:\/\/ple187.poznan.pl\/wp-content\/uploads\/2021\/12\/Wspolpraca-z-Australia-300x225.jpg 300w, https:\/\/ple187.poznan.pl\/wp-content\/uploads\/2021\/12\/Wspolpraca-z-Australia-768x576.jpg 768w, https:\/\/ple187.poznan.pl\/wp-content\/uploads\/2021\/12\/Wspolpraca-z-Australia.jpg 1280w\" sizes=\"(max-width: 1024px) 100vw, 1024px\" \/><\/figure><\/li><\/ul><\/figure>\n\n\n\n<div class=\"wp-block-group is-layout-flow wp-block-group-is-layout-flow\"><div class=\"wp-block-group__inner-container\">\n<div class=\"wp-block-columns is-layout-flex wp-container-4 wp-block-columns-is-layout-flex\">\n<div class=\"wp-block-column is-layout-flow wp-block-column-is-layout-flow\" style=\"flex-basis:100%\"><\/div>\n<\/div>\n<\/div><\/div>\n\n\n\n<div class=\"wp-block-columns is-layout-flex wp-container-7 wp-block-columns-is-layout-flex\">\n<div class=\"wp-block-column is-layout-flow wp-block-column-is-layout-flow\" style=\"flex-basis:100%\"><\/div>\n<\/div>\n\n\n\n<p>Po klikni\u0119ciu poni\u017cej znajd\u0105 Pa\u0144stwo wi\u0119cej informacji:<\/p>\n\n\n\n<p><a href=\"https:\/\/www.facebook.com\/302798893094615\/posts\/6507478149293294\/\">https:\/\/www.facebook.com\/302798893094615\/posts\/6507478149293294\/<\/a><\/p>\n\n\n\n<p><a href=\"https:\/\/www.facebook.com\/302798893094615\/posts\/6497451573629285\/\">https:\/\/www.facebook.com\/302798893094615\/posts\/6497451573629285\/<\/a><\/p>\n\n\n\n<p><a href=\"https:\/\/www.facebook.com\/302798893094615\/posts\/3676355449072259\/\">https:\/\/www.facebook.com\/302798893094615\/posts\/3676355449072259\/<\/a><\/p>\n\n\n\n<p><a href=\"https:\/\/www.facebook.com\/302798893094615\/posts\/3291606927547115\/\">https:\/\/www.facebook.com\/302798893094615\/posts\/3291606927547115\/<\/a><\/p>\n\n\n\n<p><a href=\"https:\/\/renatas-family-day-care.business.site\/#testimonials\">https:\/\/renatas-family-day-care.business.site\/#testimonials<\/a><\/p>\n","protected":false},"excerpt":{"rendered":"<p>W ci\u0105gu ostatnich lat skutecznie uda\u0142o nawi\u0105za\u0107 si\u0119 nam wsp\u00f3\u0142prac\u0119 z przedszkolami dzia\u0142aj\u0105cymi w r\u00f3\u017cnych krajach na ca\u0142ym \u015bwiecie. FRANCJA Nasze Przedszkole nawi\u0105za\u0142o kontakt mi\u0119dzy innymi z Przedszkolem TORIGNE, mieszcz\u0105cym si\u0119 w mie\u015bcie Rennes znajduj\u0105cym si\u0119 w zachodniej cz\u0119\u015bci Francji Wys\u0142ali\u015bmy im niedawno nasze zdj\u0119cia z powitania wiosny, a w zamian otrzymali\u015bmy zdj\u0119cia z francuskiego [&hellip;]<\/p>\n","protected":false},"author":1,"featured_media":0,"parent":11,"menu_order":11,"comment_status":"closed","ping_status":"closed","template":"","meta":{"ngg_post_thumbnail":0,"footnotes":""},"_links":{"self":[{"href":"https:\/\/ple187.poznan.pl\/index.php\/wp-json\/wp\/v2\/pages\/184"}],"collection":[{"href":"https:\/\/ple187.poznan.pl\/index.php\/wp-json\/wp\/v2\/pages"}],"about":[{"href":"https:\/\/ple187.poznan.pl\/index.php\/wp-json\/wp\/v2\/types\/page"}],"author":[{"embeddable":true,"href":"https:\/\/ple187.poznan.pl\/index.php\/wp-json\/wp\/v2\/users\/1"}],"replies":[{"embeddable":true,"href":"https:\/\/ple187.poznan.pl\/index.php\/wp-json\/wp\/v2\/comments?post=184"}],"version-history":[{"count":20,"href":"https:\/\/ple187.poznan.pl\/index.php\/wp-json\/wp\/v2\/pages\/184\/revisions"}],"predecessor-version":[{"id":2812,"href":"https:\/\/ple187.poznan.pl\/index.php\/wp-json\/wp\/v2\/pages\/184\/revisions\/2812"}],"up":[{"embeddable":true,"href":"https:\/\/ple187.poznan.pl\/index.php\/wp-json\/wp\/v2\/pages\/11"}],"wp:attachment":[{"href":"https:\/\/ple187.poznan.pl\/index.php\/wp-json\/wp\/v2\/media?parent=184"}],"curies":[{"name":"wp","href":"https:\/\/api.w.org\/{rel}","templated":true}]}}

Współpraca

<p>W ciągu ostatnich lat skutecznie udało nawiązać się nam współpracę z przedszkolami działającymi w różnych krajach na całym świecie.</p>



<p><strong>FRANCJA</strong></p>



<p>Nasze Przedszkole nawiązało kontakt między innymi z Przedszkolem TORIGNE, mieszczącym się w mieście Rennes znajdującym się w zachodniej części Francji Wysłaliśmy im niedawno nasze zdjęcia z powitania wiosny, a w zamian otrzymaliśmy zdjęcia z francuskiego przedszkola oraz liczne informacje na temat tej placówki edukacyjnej.</p>



<p>Dzięki naszej Pani wicedyrektor, która biegle posługuje się nie tylko językiem francuskim możemy mieć nadzieję na dłuższą i owocną współpracę oraz na udział w unijnym projekcie edukacyjnym.</p>



<p>Nasze zdjęcia i informacja o Polsce zostały umieszczone na miejskim blogu przedszkoli w Rennes, które dodatkowo jest miastem partnerskim Poznania.</p>



<p><strong>AUSTRALIA</strong></p>



<p>Dzięki zaangażowaniu Pani Natalii Rakowskiej nasze Przedszkole nawiązało współpracę z Przedszkolem RENATA`S FAMILY DAY CARE w Australii. Wymieniamy się między sobą wzajemnymi doświadczeniami edukacyjnymi, pomysłami np. joga dla dzieci, gry, zabawy sensoryczne, „Poszukiwanie zajączka”, Dzień św. Patryka, filmy przyrodnicze &#8211; Wizyta u kangurzej rodziny w Australii, zima w Polsce, zwyczaje świąteczne w obu krajach, wysyłanie zdjęć z zajęć o Australii, udział w konkursie „Mój Dom”, stworzenie wystawy prac w naszym przedszkolu.</p>



<p>Ostatnio dzieci z Australii wzięły udział w naszym konkursie związanym z obchodami Dnia Pluszowego Misia 2021.</p>



<p></p>



<figure class="wp-block-gallery columns-3 wp-block-gallery-1 is-layout-flex wp-block-gallery-is-layout-flex"><ul class="blocks-gallery-grid"><li class="blocks-gallery-item"><figure><img decoding="async" loading="lazy" width="960" height="960" src="https://ple187.poznan.pl/wp-content/uploads/2021/12/Family-Renata.jpg" alt="" data-id="936" data-full-url="https://ple187.poznan.pl/wp-content/uploads/2021/12/Family-Renata.jpg" data-link="https://ple187.poznan.pl/index.php/o-przedszkolu/wspolpraca-z-zagranica/family-renata/" class="wp-image-936" srcset="https://ple187.poznan.pl/wp-content/uploads/2021/12/Family-Renata.jpg 960w, https://ple187.poznan.pl/wp-content/uploads/2021/12/Family-Renata-300x300.jpg 300w, https://ple187.poznan.pl/wp-content/uploads/2021/12/Family-Renata-150x150.jpg 150w, https://ple187.poznan.pl/wp-content/uploads/2021/12/Family-Renata-768x768.jpg 768w" sizes="(max-width: 960px) 100vw, 960px" /></figure></li><li class="blocks-gallery-item"><figure><img decoding="async" loading="lazy" width="724" height="1024" src="https://ple187.poznan.pl/wp-content/uploads/2021/12/DYPLOM-Australia-1-724x1024.jpg" alt="" data-id="933" data-full-url="https://ple187.poznan.pl/wp-content/uploads/2021/12/DYPLOM-Australia-1.jpg" data-link="https://ple187.poznan.pl/index.php/o-przedszkolu/wspolpraca-z-zagranica/dyplom-australia-2/" class="wp-image-933" srcset="https://ple187.poznan.pl/wp-content/uploads/2021/12/DYPLOM-Australia-1-724x1024.jpg 724w, https://ple187.poznan.pl/wp-content/uploads/2021/12/DYPLOM-Australia-1-212x300.jpg 212w, https://ple187.poznan.pl/wp-content/uploads/2021/12/DYPLOM-Australia-1-768x1086.jpg 768w, https://ple187.poznan.pl/wp-content/uploads/2021/12/DYPLOM-Australia-1-1086x1536.jpg 1086w, https://ple187.poznan.pl/wp-content/uploads/2021/12/DYPLOM-Australia-1-1448x2048.jpg 1448w, https://ple187.poznan.pl/wp-content/uploads/2021/12/DYPLOM-Australia-1.jpg 1654w" sizes="(max-width: 724px) 100vw, 724px" /></figure></li><li class="blocks-gallery-item"><figure><img decoding="async" loading="lazy" width="1024" height="768" src="https://ple187.poznan.pl/wp-content/uploads/2021/12/Wspolpraca-z-Australia-1024x768.jpg" alt="" data-id="925" data-full-url="https://ple187.poznan.pl/wp-content/uploads/2021/12/Wspolpraca-z-Australia.jpg" data-link="https://ple187.poznan.pl/index.php/o-przedszkolu/wspolpraca-z-zagranica/wspolpraca-z-australia/" class="wp-image-925" srcset="https://ple187.poznan.pl/wp-content/uploads/2021/12/Wspolpraca-z-Australia-1024x768.jpg 1024w, https://ple187.poznan.pl/wp-content/uploads/2021/12/Wspolpraca-z-Australia-300x225.jpg 300w, https://ple187.poznan.pl/wp-content/uploads/2021/12/Wspolpraca-z-Australia-768x576.jpg 768w, https://ple187.poznan.pl/wp-content/uploads/2021/12/Wspolpraca-z-Australia.jpg 1280w" sizes="(max-width: 1024px) 100vw, 1024px" /></figure></li></ul></figure>



<div class="wp-block-group is-layout-flow wp-block-group-is-layout-flow"><div class="wp-block-group__inner-container">
<div class="wp-block-columns is-layout-flex wp-container-4 wp-block-columns-is-layout-flex">
<div class="wp-block-column is-layout-flow wp-block-column-is-layout-flow" style="flex-basis:100%"></div>
</div>
</div></div>



<div class="wp-block-columns is-layout-flex wp-container-7 wp-block-columns-is-layout-flex">
<div class="wp-block-column is-layout-flow wp-block-column-is-layout-flow" style="flex-basis:100%"></div>
</div>



<p>Po kliknięciu poniżej znajdą Państwo więcej informacji:</p>



<p><a href="https://www.facebook.com/302798893094615/posts/6507478149293294/">https://www.facebook.com/302798893094615/posts/6507478149293294/</a></p>



<p><a href="https://www.facebook.com/302798893094615/posts/6497451573629285/">https://www.facebook.com/302798893094615/posts/6497451573629285/</a></p>



<p><a href="https://www.facebook.com/302798893094615/posts/3676355449072259/">https://www.facebook.com/302798893094615/posts/3676355449072259/</a></p>



<p><a href="https://www.facebook.com/302798893094615/posts/3291606927547115/">https://www.facebook.com/302798893094615/posts/3291606927547115/</a></p>



<p><a href="https://renatas-family-day-care.business.site/#testimonials">https://renatas-family-day-care.business.site/#testimonials</a></p>

<p>W ciągu ostatnich lat skutecznie udało nawiązać się nam współpracę z przedszkolami działającymi w różnych krajach na całym świecie. FRANCJA Nasze Przedszkole nawiązało kontakt między innymi z Przedszkolem TORIGNE, mieszczącym się w mieście Rennes znajdującym się w zachodniej części Francji Wysłaliśmy im niedawno nasze zdjęcia z powitania wiosny, a w zamian otrzymaliśmy zdjęcia z francuskiego [&hellip;]</p>
