{"id":202,"date":"2021-09-13T09:38:36","date_gmt":"2021-09-13T07:38:36","guid":{"rendered":"http:\/\/prz187.openworld24.pl\/?page_id=202"},"modified":"2025-09-19T08:11:07","modified_gmt":"2025-09-19T06:11:07","slug":"platnosci","status":"publish","type":"page","link":"https:\/\/ple187.poznan.pl\/index.php\/dla-rodzicow\/platnosci\/","title":{"rendered":"P\u0142atno\u015bci"},"content":{"rendered":"\t\t<div data-elementor-type=\"wp-page\" data-elementor-id=\"202\" class=\"elementor elementor-202\" data-elementor-post-type=\"page\">\n\t\t\t\t\t\t\t\t\t<section class=\"elementor-section elementor-top-section elementor-element elementor-element-3637a010 elementor-section-boxed elementor-section-height-default elementor-section-height-default\" data-id=\"3637a010\" data-element_type=\"section\">\n\t\t\t\t\t\t<div class=\"elementor-container elementor-column-gap-default\">\n\t\t\t\t\t<div class=\"elementor-column elementor-col-100 elementor-top-column elementor-element elementor-element-3991caad\" data-id=\"3991caad\" data-element_type=\"column\">\n\t\t\t<div class=\"elementor-widget-wrap elementor-element-populated\">\n\t\t\t\t\t\t\t\t<div class=\"elementor-element elementor-element-62e16ce0 elementor-widget elementor-widget-text-editor\" data-id=\"62e16ce0\" data-element_type=\"widget\" data-widget_type=\"text-editor.default\">\n\t\t\t\t<div class=\"elementor-widget-container\">\n\t\t\t<style>\/*! elementor - v3.16.0 - 17-10-2023 *\/\n.elementor-widget-text-editor.elementor-drop-cap-view-stacked .elementor-drop-cap{background-color:#69727d;color:#fff}.elementor-widget-text-editor.elementor-drop-cap-view-framed .elementor-drop-cap{color:#69727d;border:3px solid;background-color:transparent}.elementor-widget-text-editor:not(.elementor-drop-cap-view-default) .elementor-drop-cap{margin-top:8px}.elementor-widget-text-editor:not(.elementor-drop-cap-view-default) .elementor-drop-cap-letter{width:1em;height:1em}.elementor-widget-text-editor .elementor-drop-cap{float:left;text-align:center;line-height:1;font-size:50px}.elementor-widget-text-editor .elementor-drop-cap-letter{display:inline-block}<\/style>\t\t\t\t<p><!-- wp:paragraph {\"align\":\"left\"} --><\/p>\n<p class=\"has-text-align-left\"><em>Op\u0142aty za pobyt dziecka w przedszkolu b\u0119d\u0105 widoczne w systemie iprzedszkole z pocz\u0105tkiem ka\u017cdego miesi\u0105ca. <\/em><\/p>\n<p><!-- \/wp:paragraph --><\/p>\n<p><!-- wp:paragraph {\"align\":\"left\"} --><\/p>\n<p class=\"has-text-align-left\"><em>Wszelkich p\u0142atno\u015bci za przedszkole nale\u017cy dokonywa\u0107 w podanej kwocie <\/em><\/p>\n<p><!-- \/wp:paragraph --><\/p>\n<p><!-- wp:paragraph {\"align\":\"left\"} --><\/p>\n<p class=\"has-text-align-left\"><em>pos\u0142uguj\u0105c si\u0119 imieniem i nazwiskiem dziecka oraz nazw\u0105 grupy. <\/em><\/p>\n<p><!-- \/wp:paragraph --><\/p>\n<p><!-- wp:paragraph {\"align\":\"left\"} --><\/p>\n<p class=\"has-text-align-left\"><em>P\u0142atno\u015b\u0107 za pobyt\u00a0 i wy\u017cywienie dziecka nale\u017cy regulowa\u0107 za po\u015brednictwem dw\u00f3ch kont bankowych, <\/em><\/p>\n<p><!-- \/wp:paragraph --><\/p>\n<p><!-- wp:paragraph {\"align\":\"left\"} --><\/p>\n<p class=\"has-text-align-left\"><em>(osobno za <em>\u017cywieni<\/em><\/em>e<em> i osobno za <em>pobyt<\/em>) w terminie do<strong>\u00a020 dnia ka\u017cdego miesi\u0105ca.<\/strong><\/em><\/p>\n<p><!-- \/wp:paragraph --><\/p>\n<p><!-- wp:file {\"id\":4543,\"href\":\"https:\/\/ple187.poznan.pl\/wp-content\/uploads\/2024\/01\/UMP_LXXXVII_1622_VIII_2023_T1.pdf\",\"showDownloadButton\":false,\"displayPreview\":false} --><\/p>\n<div class=\"wp-block-file\"><a id=\"wp-block-file--media-8ae9b465-2222-4456-967d-46465ad9eaf4\" href=\"https:\/\/ple187.poznan.pl\/wp-content\/uploads\/2024\/01\/UMP_LXXXVII_1622_VIII_2023_T1.pdf\"><strong>Uchwa\u0142a Rady Miasta Poznania z dnia 30 czerwca 2023 Nr LXXXVII\/1622\/VIII\/2023<\/strong><\/a><\/div>\n<p><!-- \/wp:file --><\/p>\n<p><!-- wp:file {\"id\":4994,\"href\":\"https:\/\/ple187.poznan.pl\/wp-content\/uploads\/2024\/09\/UMP_III_46_IX_2024_T2.pdf\",\"showDownloadButton\":false,\"displayPreview\":false,\"align\":\"left\"} --><\/p>\n<div class=\"wp-block-file alignleft\"><a id=\"wp-block-file--media-199911c2-3d7f-458e-8485-55b20f40addd\" href=\"https:\/\/ple187.poznan.pl\/wp-content\/uploads\/2024\/09\/UMP_III_46_IX_2024_T2.pdf\"><strong>Uchwa\u0142a Rady Miasta Poznania z dnia 11 czerwca 2024 Nr III\/46\/IX\/2024<\/strong><\/a><\/div>\n<p><!-- \/wp:file --><\/p>\n<p><!-- wp:paragraph --><\/p>\n<p><!-- \/wp:paragraph --><\/p>\n<p><!-- wp:file {\"id\":5513,\"href\":\"https:\/\/ple187.poznan.pl\/wp-content\/uploads\/2025\/09\/Regulamin-czytnika-i-kart.pdf\",\"showDownloadButton\":false,\"displayPreview\":false} --><\/p>\n<div class=\"wp-block-file\">\u00a0<\/div>\n<div class=\"wp-block-file\"><a id=\"wp-block-file--media-2292b886-3a9a-4ac2-b4e0-4ae049e1fbc2\" href=\"https:\/\/ple187.poznan.pl\/wp-content\/uploads\/2025\/09\/Regulamin-czytnika-i-kart.pdf\"><strong>Regulamin czytnika i kart<\/strong><\/a><\/div>\n<p><!-- \/wp:file --><\/p>\t\t\t\t\t\t<\/div>\n\t\t\t\t<\/div>\n\t\t\t\t\t<\/div>\n\t\t<\/div>\n\t\t\t\t\t\t\t<\/div>\n\t\t<\/section>\n\t\t\t\t\t\t\t<\/div>\n\t\t","protected":false},"excerpt":{"rendered":"<p>Op\u0142aty za pobyt dziecka w przedszkolu b\u0119d\u0105 widoczne w systemie iprzedszkole z pocz\u0105tkiem ka\u017cdego miesi\u0105ca. Wszelkich p\u0142atno\u015bci za przedszkole nale\u017cy dokonywa\u0107 w podanej kwocie pos\u0142uguj\u0105c si\u0119 imieniem i nazwiskiem dziecka oraz nazw\u0105 grupy. P\u0142atno\u015b\u0107 za pobyt\u00a0 i wy\u017cywienie dziecka nale\u017cy regulowa\u0107 za po\u015brednictwem dw\u00f3ch kont bankowych, (osobno za \u017cywienie i osobno za pobyt) w terminie [&hellip;]<\/p>\n","protected":false},"author":1,"featured_media":0,"parent":200,"menu_order":1,"comment_status":"closed","ping_status":"closed","template":"","meta":{"ngg_post_thumbnail":0,"footnotes":""},"_links":{"self":[{"href":"https:\/\/ple187.poznan.pl\/index.php\/wp-json\/wp\/v2\/pages\/202"}],"collection":[{"href":"https:\/\/ple187.poznan.pl\/index.php\/wp-json\/wp\/v2\/pages"}],"about":[{"href":"https:\/\/ple187.poznan.pl\/index.php\/wp-json\/wp\/v2\/types\/page"}],"author":[{"embeddable":true,"href":"https:\/\/ple187.poznan.pl\/index.php\/wp-json\/wp\/v2\/users\/1"}],"replies":[{"embeddable":true,"href":"https:\/\/ple187.poznan.pl\/index.php\/wp-json\/wp\/v2\/comments?post=202"}],"version-history":[{"count":42,"href":"https:\/\/ple187.poznan.pl\/index.php\/wp-json\/wp\/v2\/pages\/202\/revisions"}],"predecessor-version":[{"id":5532,"href":"https:\/\/ple187.poznan.pl\/index.php\/wp-json\/wp\/v2\/pages\/202\/revisions\/5532"}],"up":[{"embeddable":true,"href":"https:\/\/ple187.poznan.pl\/index.php\/wp-json\/wp\/v2\/pages\/200"}],"wp:attachment":[{"href":"https:\/\/ple187.poznan.pl\/index.php\/wp-json\/wp\/v2\/media?parent=202"}],"curies":[{"name":"wp","href":"https:\/\/api.w.org\/{rel}","templated":true}]}}

Płatności

<div data-elementor-type="wp-page" data-elementor-id="202" class="elementor elementor-202" data-elementor-post-type="page">
									<section class="elementor-section elementor-top-section elementor-element elementor-element-3637a010 elementor-section-boxed elementor-section-height-default elementor-section-height-default" data-id="3637a010" data-element_type="section">
						<div class="elementor-container elementor-column-gap-default">
					<div class="elementor-column elementor-col-100 elementor-top-column elementor-element elementor-element-3991caad" data-id="3991caad" data-element_type="column">
			<div class="elementor-widget-wrap elementor-element-populated">
								<div class="elementor-element elementor-element-62e16ce0 elementor-widget elementor-widget-text-editor" data-id="62e16ce0" data-element_type="widget" data-widget_type="text-editor.default">
				<div class="elementor-widget-container">
			<style>/*! elementor - v3.16.0 - 17-10-2023 */
.elementor-widget-text-editor.elementor-drop-cap-view-stacked .elementor-drop-cap{background-color:#69727d;color:#fff}.elementor-widget-text-editor.elementor-drop-cap-view-framed .elementor-drop-cap{color:#69727d;border:3px solid;background-color:transparent}.elementor-widget-text-editor:not(.elementor-drop-cap-view-default) .elementor-drop-cap{margin-top:8px}.elementor-widget-text-editor:not(.elementor-drop-cap-view-default) .elementor-drop-cap-letter{width:1em;height:1em}.elementor-widget-text-editor .elementor-drop-cap{float:left;text-align:center;line-height:1;font-size:50px}.elementor-widget-text-editor .elementor-drop-cap-letter{display:inline-block}</style>				<p><!-- wp:paragraph {"align":"left"} --></p>
<p class="has-text-align-left"><em>Opłaty za pobyt dziecka w przedszkolu będą widoczne w systemie iprzedszkole z początkiem każdego miesiąca. </em></p>
<p><!-- /wp:paragraph --></p>
<p><!-- wp:paragraph {"align":"left"} --></p>
<p class="has-text-align-left"><em>Wszelkich płatności za przedszkole należy dokonywać w podanej kwocie </em></p>
<p><!-- /wp:paragraph --></p>
<p><!-- wp:paragraph {"align":"left"} --></p>
<p class="has-text-align-left"><em>posługując się imieniem i nazwiskiem dziecka oraz nazwą grupy. </em></p>
<p><!-- /wp:paragraph --></p>
<p><!-- wp:paragraph {"align":"left"} --></p>
<p class="has-text-align-left"><em>Płatność za pobyt  i wyżywienie dziecka należy regulować za pośrednictwem dwóch kont bankowych, </em></p>
<p><!-- /wp:paragraph --></p>
<p><!-- wp:paragraph {"align":"left"} --></p>
<p class="has-text-align-left"><em>(osobno za <em>żywieni</em></em>e<em> i osobno za <em>pobyt</em>) w terminie do<strong> 20 dnia każdego miesiąca.</strong></em></p>
<p><!-- /wp:paragraph --></p>
<p><!-- wp:file {"id":4543,"href":"https://ple187.poznan.pl/wp-content/uploads/2024/01/UMP_LXXXVII_1622_VIII_2023_T1.pdf","showDownloadButton":false,"displayPreview":false} --></p>
<div class="wp-block-file"><a id="wp-block-file--media-8ae9b465-2222-4456-967d-46465ad9eaf4" href="https://ple187.poznan.pl/wp-content/uploads/2024/01/UMP_LXXXVII_1622_VIII_2023_T1.pdf"><strong>Uchwała Rady Miasta Poznania z dnia 30 czerwca 2023 Nr LXXXVII/1622/VIII/2023</strong></a></div>
<p><!-- /wp:file --></p>
<p><!-- wp:file {"id":4994,"href":"https://ple187.poznan.pl/wp-content/uploads/2024/09/UMP_III_46_IX_2024_T2.pdf","showDownloadButton":false,"displayPreview":false,"align":"left"} --></p>
<div class="wp-block-file alignleft"><a id="wp-block-file--media-199911c2-3d7f-458e-8485-55b20f40addd" href="https://ple187.poznan.pl/wp-content/uploads/2024/09/UMP_III_46_IX_2024_T2.pdf"><strong>Uchwała Rady Miasta Poznania z dnia 11 czerwca 2024 Nr III/46/IX/2024</strong></a></div>
<p><!-- /wp:file --></p>
<p><!-- wp:paragraph --></p>
<p><!-- /wp:paragraph --></p>
<p><!-- wp:file {"id":5513,"href":"https://ple187.poznan.pl/wp-content/uploads/2025/09/Regulamin-czytnika-i-kart.pdf","showDownloadButton":false,"displayPreview":false} --></p>
<div class="wp-block-file"> </div>
<div class="wp-block-file"><a id="wp-block-file--media-2292b886-3a9a-4ac2-b4e0-4ae049e1fbc2" href="https://ple187.poznan.pl/wp-content/uploads/2025/09/Regulamin-czytnika-i-kart.pdf"><strong>Regulamin czytnika i kart</strong></a></div>
<p><!-- /wp:file --></p>						</div>
				</div>
					</div>
		</div>
							</div>
		</section>
							</div>

<p>Opłaty za pobyt dziecka w przedszkolu będą widoczne w systemie iprzedszkole z początkiem każdego miesiąca. Wszelkich płatności za przedszkole należy dokonywać w podanej kwocie posługując się imieniem i nazwiskiem dziecka oraz nazwą grupy. Płatność za pobyt  i wyżywienie dziecka należy regulować za pośrednictwem dwóch kont bankowych, (osobno za żywienie i osobno za pobyt) w terminie [&hellip;]</p>
