{"id":23,"date":"2021-08-18T19:57:27","date_gmt":"2021-08-18T17:57:27","guid":{"rendered":"http:\/\/prz187.openworld24.pl\/?page_id=23"},"modified":"2022-02-27T09:36:48","modified_gmt":"2022-02-27T08:36:48","slug":"kontakt","status":"publish","type":"page","link":"https:\/\/ple187.poznan.pl\/index.php\/kontakt\/","title":{"rendered":"Kontakt"},"content":{"rendered":"\n<p>Adres: osiedle W\u0142adys\u0142awa \u0141okietka 104, 61-616 Pozna\u0144<br>Telefon: (61) 822-77-01<br>e-mail: info@zs-p1.pl, p187@poznan.interklasa.pl<\/p>\n","protected":false},"excerpt":{"rendered":"<p>Adres: osiedle W\u0142adys\u0142awa \u0141okietka 104, 61-616 Pozna\u0144Telefon: (61) 822-77-01e-mail: info@zs-p1.pl, p187@poznan.interklasa.pl<\/p>\n","protected":false},"author":1,"featured_media":0,"parent":0,"menu_order":0,"comment_status":"closed","ping_status":"closed","template":"","meta":{"ngg_post_thumbnail":0,"footnotes":""},"_links":{"self":[{"href":"https:\/\/ple187.poznan.pl\/index.php\/wp-json\/wp\/v2\/pages\/23"}],"collection":[{"href":"https:\/\/ple187.poznan.pl\/index.php\/wp-json\/wp\/v2\/pages"}],"about":[{"href":"https:\/\/ple187.poznan.pl\/index.php\/wp-json\/wp\/v2\/types\/page"}],"author":[{"embeddable":true,"href":"https:\/\/ple187.poznan.pl\/index.php\/wp-json\/wp\/v2\/users\/1"}],"replies":[{"embeddable":true,"href":"https:\/\/ple187.poznan.pl\/index.php\/wp-json\/wp\/v2\/comments?post=23"}],"version-history":[{"count":3,"href":"https:\/\/ple187.poznan.pl\/index.php\/wp-json\/wp\/v2\/pages\/23\/revisions"}],"predecessor-version":[{"id":1677,"href":"https:\/\/ple187.poznan.pl\/index.php\/wp-json\/wp\/v2\/pages\/23\/revisions\/1677"}],"wp:attachment":[{"href":"https:\/\/ple187.poznan.pl\/index.php\/wp-json\/wp\/v2\/media?parent=23"}],"curies":[{"name":"wp","href":"https:\/\/api.w.org\/{rel}","templated":true}]}}