{"id":345,"date":"2021-09-13T10:44:33","date_gmt":"2021-09-13T08:44:33","guid":{"rendered":"http:\/\/prz187.openworld24.pl\/?page_id=345"},"modified":"2021-12-10T21:27:45","modified_gmt":"2021-12-10T20:27:45","slug":"gazetka-przedszkolna","status":"publish","type":"page","link":"https:\/\/ple187.poznan.pl\/index.php\/gazetka-przedszkolna\/","title":{"rendered":"Gazetka przedszkolna"},"content":{"rendered":"\n<h2 class=\"has-text-align-center wp-block-heading\">&#8222;Sok z \u017burawinki&#8221;<\/h2>\n\n\n\n<p class=\"has-text-align-center\">Wraz z pocz\u0105tkiem nowego roku szkolnego 2011 \/ 2012, <\/p>\n\n\n\n<p class=\"has-text-align-center\">pojawi\u0142a si\u0119 inicjatywa powo\u0142ania do istnienia nowej gazetki przedszkolnej: \u201eSok z \u017burawinki\u201d.<\/p>\n\n\n\n<p class=\"has-text-align-center\">W naszej gazetce zamieszczamy wiele ciekawych informacji i artyku\u0142\u00f3w zwi\u0105zanych z \u201e\u017cyciem naszego przedszkola\u201d.<\/p>\n\n\n\n<p class=\"has-text-align-center\">Zapraszamy wszystkich do prenumerowania naszego czasopisma, poni\u017cej w plikach do pobrania:<\/p>\n\n\n\n<div class=\"wp-block-file aligncenter\"><a href=\"https:\/\/ple187.poznan.pl\/wp-content\/uploads\/2021\/09\/Numer1.pdf\">Sok z \u017burawinki: Numer 1<\/a><a href=\"https:\/\/ple187.poznan.pl\/wp-content\/uploads\/2021\/09\/Numer1.pdf\" class=\"wp-block-file__button\" download>Pobierz<\/a><\/div>\n\n\n\n<div class=\"wp-block-file aligncenter\"><a href=\"https:\/\/ple187.poznan.pl\/wp-content\/uploads\/2021\/09\/Numer2.pdf\">Sok z \u017burawinki: Numer 2<\/a><a href=\"https:\/\/ple187.poznan.pl\/wp-content\/uploads\/2021\/09\/Numer2.pdf\" class=\"wp-block-file__button\" download>Pobierz<\/a><\/div>\n\n\n\n<div class=\"wp-block-file aligncenter\"><a href=\"https:\/\/ple187.poznan.pl\/wp-content\/uploads\/2021\/09\/Sok-z-Zurawinki-nr-3.pdf\">Sok z \u017burawinki: Numer 3<\/a><a href=\"https:\/\/ple187.poznan.pl\/wp-content\/uploads\/2021\/09\/Sok-z-Zurawinki-nr-3.pdf\" class=\"wp-block-file__button\" download>Pobierz<\/a><\/div>\n\n\n\n<div class=\"wp-block-file aligncenter\"><a href=\"https:\/\/ple187.poznan.pl\/wp-content\/uploads\/2021\/09\/Numer5.pdf\">Sok z \u017burawinki: Numer 5<\/a><a href=\"https:\/\/ple187.poznan.pl\/wp-content\/uploads\/2021\/09\/Numer5.pdf\" class=\"wp-block-file__button\" download>Pobierz<\/a><\/div>\n\n\n\n<div class=\"wp-block-file aligncenter\"><a href=\"https:\/\/ple187.poznan.pl\/wp-content\/uploads\/2021\/09\/Numer5_2.pdf\">Sok z \u017burawinki: Numer 5 cz. 2<\/a><a href=\"https:\/\/ple187.poznan.pl\/wp-content\/uploads\/2021\/09\/Numer5_2.pdf\" class=\"wp-block-file__button\" download>Pobierz<\/a><\/div>\n\n\n\n<div class=\"wp-block-file aligncenter\"><a href=\"https:\/\/ple187.poznan.pl\/wp-content\/uploads\/2021\/09\/Wydanie-Specjalne.pdf\">Wydanie-Specjalne<\/a><a href=\"https:\/\/ple187.poznan.pl\/wp-content\/uploads\/2021\/09\/Wydanie-Specjalne.pdf\" class=\"wp-block-file__button\" download>Pobierz<\/a><\/div>\n\n\n\n<div class=\"wp-block-file aligncenter\"><a href=\"https:\/\/ple187.poznan.pl\/wp-content\/uploads\/2021\/09\/Sok-z-Zurawinki-nr-7.pdf\">Sok z \u017burawinki: Numer 7<\/a><a href=\"https:\/\/ple187.poznan.pl\/wp-content\/uploads\/2021\/09\/Sok-z-Zurawinki-nr-7.pdf\" class=\"wp-block-file__button\" download>Pobierz<\/a><\/div>\n\n\n\n<div class=\"wp-block-file aligncenter\"><a href=\"https:\/\/ple187.poznan.pl\/wp-content\/uploads\/2021\/09\/Sok-z-Zurawinki-nr-8.pdf\">Sok z \u017burawinki: Numer 8<\/a><a href=\"https:\/\/ple187.poznan.pl\/wp-content\/uploads\/2021\/09\/Sok-z-Zurawinki-nr-8.pdf\" class=\"wp-block-file__button\" download>Pobierz<\/a><\/div>\n\n\n\n<div class=\"wp-block-file aligncenter\"><a href=\"https:\/\/ple187.poznan.pl\/wp-content\/uploads\/2021\/09\/Sok-z-Zurawinki-nr-9.pdf\">Sok z \u017burawinki: Numer 9<\/a><a href=\"https:\/\/ple187.poznan.pl\/wp-content\/uploads\/2021\/09\/Sok-z-Zurawinki-nr-9.pdf\" class=\"wp-block-file__button\" download>Pobierz<\/a><\/div>\n\n\n\n<div class=\"wp-block-file aligncenter\"><a href=\"https:\/\/ple187.poznan.pl\/wp-content\/uploads\/2021\/09\/SokZZurawinki-nr11-2018.pdf\">Sok z \u017burawinki: Numer 11<\/a><a href=\"https:\/\/ple187.poznan.pl\/wp-content\/uploads\/2021\/09\/SokZZurawinki-nr11-2018.pdf\" class=\"wp-block-file__button\" download>Pobierz<\/a><\/div>\n\n\n\n<div class=\"wp-block-file aligncenter\"><a href=\"https:\/\/ple187.poznan.pl\/wp-content\/uploads\/2021\/09\/nr-13-Sok-z-Zurawinki-2018.pdf\">Sok z \u017burawinki: Numer 13<\/a><a href=\"https:\/\/ple187.poznan.pl\/wp-content\/uploads\/2021\/09\/nr-13-Sok-z-Zurawinki-2018.pdf\" class=\"wp-block-file__button\" download>Pobierz<\/a><\/div>\n\n\n\n<div class=\"wp-block-file aligncenter\"><a href=\"https:\/\/ple187.poznan.pl\/wp-content\/uploads\/2021\/09\/Sok-z-Zurawinki-nr-15-specjalny.pdf\">Sok z \u017burawinki: Numer 15 &#8211; Wydanie Specjalne<\/a><a href=\"https:\/\/ple187.poznan.pl\/wp-content\/uploads\/2021\/09\/Sok-z-Zurawinki-nr-15-specjalny.pdf\" class=\"wp-block-file__button\" download>Pobierz<\/a><\/div>\n\n\n\n<div class=\"wp-block-file aligncenter\"><a href=\"https:\/\/ple187.poznan.pl\/wp-content\/uploads\/2021\/09\/Sok-z-Zurawinki-nr-17-specjalny.pdf\">Sok z \u017burawinki: Numer 17 &#8211; Wydanie Specjalne<\/a><a href=\"https:\/\/ple187.poznan.pl\/wp-content\/uploads\/2021\/09\/Sok-z-Zurawinki-nr-17-specjalny.pdf\" class=\"wp-block-file__button\" download>Pobierz<\/a><\/div>\n\n\n\n<div class=\"wp-block-file aligncenter\"><a href=\"https:\/\/ple187.poznan.pl\/wp-content\/uploads\/2021\/12\/Sok-z-Zurawinki-Numer-18.pdf\">Sok-z-Zurawinki-Numer-18<\/a><a href=\"https:\/\/ple187.poznan.pl\/wp-content\/uploads\/2021\/12\/Sok-z-Zurawinki-Numer-18.pdf\" class=\"wp-block-file__button\" download>Pobierz<\/a><\/div>\n\n\n\n<div class=\"wp-block-file aligncenter\"><a href=\"https:\/\/ple187.poznan.pl\/wp-content\/uploads\/2021\/11\/Nr.19.pdf\">Sok z \u017burawinki: Numer 19<\/a><a href=\"https:\/\/ple187.poznan.pl\/wp-content\/uploads\/2021\/11\/Nr.19.pdf\" class=\"wp-block-file__button\" download>Pobierz<\/a><\/div>\n","protected":false},"excerpt":{"rendered":"<p>&#8222;Sok z \u017burawinki&#8221; Wraz z pocz\u0105tkiem nowego roku szkolnego 2011 \/ 2012, pojawi\u0142a si\u0119 inicjatywa powo\u0142ania do istnienia nowej gazetki przedszkolnej: \u201eSok z \u017burawinki\u201d. W naszej gazetce zamieszczamy wiele ciekawych informacji i artyku\u0142\u00f3w zwi\u0105zanych z \u201e\u017cyciem naszego przedszkola\u201d. Zapraszamy wszystkich do prenumerowania naszego czasopisma, poni\u017cej w plikach do pobrania:<\/p>\n","protected":false},"author":1,"featured_media":0,"parent":0,"menu_order":0,"comment_status":"closed","ping_status":"closed","template":"","meta":{"ngg_post_thumbnail":0,"footnotes":""},"_links":{"self":[{"href":"https:\/\/ple187.poznan.pl\/index.php\/wp-json\/wp\/v2\/pages\/345"}],"collection":[{"href":"https:\/\/ple187.poznan.pl\/index.php\/wp-json\/wp\/v2\/pages"}],"about":[{"href":"https:\/\/ple187.poznan.pl\/index.php\/wp-json\/wp\/v2\/types\/page"}],"author":[{"embeddable":true,"href":"https:\/\/ple187.poznan.pl\/index.php\/wp-json\/wp\/v2\/users\/1"}],"replies":[{"embeddable":true,"href":"https:\/\/ple187.poznan.pl\/index.php\/wp-json\/wp\/v2\/comments?post=345"}],"version-history":[{"count":17,"href":"https:\/\/ple187.poznan.pl\/index.php\/wp-json\/wp\/v2\/pages\/345\/revisions"}],"predecessor-version":[{"id":916,"href":"https:\/\/ple187.poznan.pl\/index.php\/wp-json\/wp\/v2\/pages\/345\/revisions\/916"}],"wp:attachment":[{"href":"https:\/\/ple187.poznan.pl\/index.php\/wp-json\/wp\/v2\/media?parent=345"}],"curies":[{"name":"wp","href":"https:\/\/api.w.org\/{rel}","templated":true}]}}